[INFO] cloning repository https://github.com/nrc/tikv-bench
[INFO] running `Command { std: "git" "-c" "credential.helper=" "-c" "credential.helper=/workspace/cargo-home/bin/git-credential-null" "clone" "--bare" "https://github.com/nrc/tikv-bench" "/workspace/cache/git-repos/https%3A%2F%2Fgithub.com%2Fnrc%2Ftikv-bench", kill_on_drop: false }`
[INFO] [stderr] Cloning into bare repository '/workspace/cache/git-repos/https%3A%2F%2Fgithub.com%2Fnrc%2Ftikv-bench'...
[INFO] running `Command { std: "git" "rev-parse" "HEAD", kill_on_drop: false }`
[INFO] [stdout] 8924c336614140a39f79ad3358e761bf49aa529c
[INFO] checking nrc/tikv-bench against master#af3c6e733a40e671550e0f0f5aeecaa13772ba56 for pr-74989
[INFO] running `Command { std: "git" "clone" "/workspace/cache/git-repos/https%3A%2F%2Fgithub.com%2Fnrc%2Ftikv-bench" "/workspace/builds/worker-8/source", kill_on_drop: false }`
[INFO] [stderr] Cloning into '/workspace/builds/worker-8/source'...
[INFO] [stderr] done.
[INFO] validating manifest of git repo https://github.com/nrc/tikv-bench on toolchain af3c6e733a40e671550e0f0f5aeecaa13772ba56
[INFO] running `Command { std: "/workspace/cargo-home/bin/cargo" "+af3c6e733a40e671550e0f0f5aeecaa13772ba56" "read-manifest" "--manifest-path" "Cargo.toml", kill_on_drop: false }`
[INFO] started tweaking git repo https://github.com/nrc/tikv-bench
[INFO] removed path dependency tikv-client from git repo https://github.com/nrc/tikv-bench
[INFO] finished tweaking git repo https://github.com/nrc/tikv-bench
[INFO] tweaked toml for git repo https://github.com/nrc/tikv-bench written to /workspace/builds/worker-8/source/Cargo.toml
[INFO] crate git repo https://github.com/nrc/tikv-bench already has a lockfile, it will not be regenerated
[INFO] running `Command { std: "/workspace/cargo-home/bin/cargo" "+af3c6e733a40e671550e0f0f5aeecaa13772ba56" "fetch" "--locked" "--manifest-path" "Cargo.toml", kill_on_drop: false }`
[INFO] [stderr] warning: dependency (tikv-client) specified without providing a local path, Git repository, or version to use. This will be considered an error in future versions
[INFO] [stderr]     Updating crates.io index
[INFO] [stderr] error: the lock file /workspace/builds/worker-8/source/Cargo.lock needs to be updated but --locked was passed to prevent this
[INFO] [stderr] If you want to try to generate the lock file without accessing the network, use the --offline flag.
[INFO] the lockfile is outdated, regenerating it
[INFO] running `Command { std: "/workspace/cargo-home/bin/cargo" "+af3c6e733a40e671550e0f0f5aeecaa13772ba56" "generate-lockfile" "--manifest-path" "Cargo.toml" "-Zno-index-update", kill_on_drop: false }`
[INFO] running `Command { std: "/workspace/cargo-home/bin/cargo" "+af3c6e733a40e671550e0f0f5aeecaa13772ba56" "fetch" "--locked" "--manifest-path" "Cargo.toml", kill_on_drop: false }`
[INFO] [stderr] warning: dependency (tikv-client) specified without providing a local path, Git repository, or version to use. This will be considered an error in future versions
[INFO] running `Command { std: "docker" "create" "-v" "/var/lib/crater-agent-workspace/builds/worker-8/target:/opt/rustwide/target:rw,Z" "-v" "/var/lib/crater-agent-workspace/builds/worker-8/source:/opt/rustwide/workdir:ro,Z" "-v" "/var/lib/crater-agent-workspace/cargo-home:/opt/rustwide/cargo-home:ro,Z" "-v" "/var/lib/crater-agent-workspace/rustup-home:/opt/rustwide/rustup-home:ro,Z" "-e" "SOURCE_DIR=/opt/rustwide/workdir" "-e" "CARGO_TARGET_DIR=/opt/rustwide/target" "-e" "CARGO_HOME=/opt/rustwide/cargo-home" "-e" "RUSTUP_HOME=/opt/rustwide/rustup-home" "-w" "/opt/rustwide/workdir" "-m" "1610612736" "--user" "0:0" "--network" "none" "rustops/crates-build-env@sha256:d92eaeed33fa75130ca1ee6c8a01d1ffb62bac859dfdfb3450e3e5d1c0146529" "/opt/rustwide/cargo-home/bin/cargo" "+af3c6e733a40e671550e0f0f5aeecaa13772ba56" "metadata" "--no-deps" "--format-version=1", kill_on_drop: false }`
[INFO] [stdout] 036346247db1aad14bdc146e2475d0bbfbb997a2807bb37f65aa7149ac1765f0
[INFO] [stderr] WARNING: Your kernel does not support swap limit capabilities or the cgroup is not mounted. Memory limited without swap.
[INFO] running `Command { std: "docker" "start" "-a" "036346247db1aad14bdc146e2475d0bbfbb997a2807bb37f65aa7149ac1765f0", kill_on_drop: false }`
[INFO] running `Command { std: "docker" "inspect" "036346247db1aad14bdc146e2475d0bbfbb997a2807bb37f65aa7149ac1765f0", kill_on_drop: false }`
[INFO] running `Command { std: "docker" "rm" "-f" "036346247db1aad14bdc146e2475d0bbfbb997a2807bb37f65aa7149ac1765f0", kill_on_drop: false }`
[INFO] [stdout] 036346247db1aad14bdc146e2475d0bbfbb997a2807bb37f65aa7149ac1765f0
[INFO] running `Command { std: "docker" "create" "-v" "/var/lib/crater-agent-workspace/builds/worker-8/target:/opt/rustwide/target:rw,Z" "-v" "/var/lib/crater-agent-workspace/builds/worker-8/source:/opt/rustwide/workdir:ro,Z" "-v" "/var/lib/crater-agent-workspace/cargo-home:/opt/rustwide/cargo-home:ro,Z" "-v" "/var/lib/crater-agent-workspace/rustup-home:/opt/rustwide/rustup-home:ro,Z" "-e" "SOURCE_DIR=/opt/rustwide/workdir" "-e" "CARGO_TARGET_DIR=/opt/rustwide/target" "-e" "CARGO_INCREMENTAL=0" "-e" "RUST_BACKTRACE=full" "-e" "RUSTFLAGS=--cap-lints=forbid" "-e" "CARGO_HOME=/opt/rustwide/cargo-home" "-e" "RUSTUP_HOME=/opt/rustwide/rustup-home" "-w" "/opt/rustwide/workdir" "-m" "1610612736" "--user" "0:0" "--network" "none" "rustops/crates-build-env@sha256:d92eaeed33fa75130ca1ee6c8a01d1ffb62bac859dfdfb3450e3e5d1c0146529" "/opt/rustwide/cargo-home/bin/cargo" "+af3c6e733a40e671550e0f0f5aeecaa13772ba56" "check" "--frozen" "--all" "--all-targets" "--message-format=json", kill_on_drop: false }`
[INFO] [stderr] WARNING: Your kernel does not support swap limit capabilities or the cgroup is not mounted. Memory limited without swap.
[INFO] [stdout] 86d911d723bf8e0aa64ca19420a0e483f8f89989647bb07d30f2241d3363c925
[INFO] running `Command { std: "docker" "start" "-a" "86d911d723bf8e0aa64ca19420a0e483f8f89989647bb07d30f2241d3363c925", kill_on_drop: false }`
[INFO] [stderr] warning: dependency (tikv-client) specified without providing a local path, Git repository, or version to use. This will be considered an error in future versions
[INFO] [stderr]     Checking cfg-if v0.1.10
[INFO] [stderr]    Compiling libc v0.2.77
[INFO] [stderr]    Compiling autocfg v1.0.1
[INFO] [stderr]    Compiling maybe-uninit v2.0.0
[INFO] [stderr]    Compiling semver-parser v0.7.0
[INFO] [stderr]     Checking slab v0.4.2
[INFO] [stderr]     Checking lazy_static v1.4.0
[INFO] [stderr]     Checking futures-core-preview v0.3.0-alpha.19
[INFO] [stderr]     Checking futures-sink-preview v0.3.0-alpha.19
[INFO] [stderr]     Checking futures-io-preview v0.3.0-alpha.19
[INFO] [stderr]     Checking scopeguard v1.1.0
[INFO] [stderr]    Compiling proc-macro2 v1.0.21
[INFO] [stderr]    Compiling log v0.4.11
[INFO] [stderr]    Compiling unicode-xid v0.2.1
[INFO] [stderr]     Checking async-datagram v3.0.0
[INFO] [stderr]     Checking async-ready v3.0.0
[INFO] [stderr]     Checking tikv-client v0.0.0
[INFO] [stderr]     Checking lock_api v0.3.4
[INFO] [stderr]     Checking crossbeam-utils v0.6.6
[INFO] [stderr]     Checking futures-channel-preview v0.3.0-alpha.19
[INFO] [stderr]    Compiling semver v0.9.0
[INFO] [stderr]     Checking futures-util-preview v0.3.0-alpha.19
[INFO] [stderr]     Checking smallvec v0.6.13
[INFO] [stderr]    Compiling crossbeam-utils v0.7.2
[INFO] [stderr]    Compiling memoffset v0.5.5
[INFO] [stderr]    Compiling crossbeam-epoch v0.8.2
[INFO] [stderr]    Compiling rustc_version v0.2.3
[INFO] [stderr]    Compiling parking_lot_core v0.6.2
[INFO] [stderr]    Compiling parking_lot v0.9.0
[INFO] [stderr]    Compiling quote v1.0.7
[INFO] [stderr]     Checking num_cpus v1.13.0
[INFO] [stderr]     Checking iovec v0.1.4
[INFO] [stderr]     Checking net2 v0.2.35
[INFO] [stderr]     Checking crossbeam-channel v0.4.4
[INFO] [stderr]     Checking crossbeam-queue v0.2.3
[INFO] [stderr]    Compiling syn v1.0.41
[INFO] [stderr]     Checking crossbeam-deque v0.7.3
[INFO] [stderr]     Checking mio v0.6.22
[INFO] [stderr]     Checking crossbeam v0.7.3
[INFO] [stderr]     Checking mio-uds v0.6.8
[INFO] [stderr]     Checking futures-executor-preview v0.3.0-alpha.19
[INFO] [stderr]     Checking futures-preview v0.3.0-alpha.19
[INFO] [stderr]     Checking juliex v0.3.0-alpha.8
[INFO] [stderr]     Checking futures-timer v0.3.0
[INFO] [stderr]     Checking runtime-raw v0.3.0-alpha.5
[INFO] [stderr]     Checking romio v0.3.0-alpha.10
[INFO] [stderr]     Checking runtime-native v0.3.0-alpha.6
[INFO] [stderr]    Compiling pin-project-internal v0.4.23
[INFO] [stderr]    Compiling runtime-attributes v0.3.0-alpha.6
[INFO] [stderr]     Checking pin-project v0.4.23
[INFO] [stderr]     Checking runtime v0.3.0-alpha.8
[INFO] [stderr]     Checking tikv-bench v0.1.0 (/opt/rustwide/workdir)
[INFO] [stdout] error[E0557]: feature has been removed
[INFO] [stdout]  --> src/main.rs:1:25
[INFO] [stdout]   |
[INFO] [stdout] 1 | #![feature(async_await, await_macro, test, type_ascription)]
[INFO] [stdout]   |                         ^^^^^^^^^^^ feature has been removed
[INFO] [stdout]   |
[INFO] [stdout]   = note: subsumed by `.await` syntax
[INFO] [stdout] 
[INFO] [stdout] 
[INFO] [stdout] error[E0557]: feature has been removed
[INFO] [stdout]  --> src/main.rs:1:25
[INFO] [stdout]   |
[INFO] [stdout] 1 | #![feature(async_await, await_macro, test, type_ascription)]
[INFO] [stdout]   |                         ^^^^^^^^^^^ feature has been removed
[INFO] [stdout]   |
[INFO] [stdout]   = note: subsumed by `.await` syntax
[INFO] [stdout] 
[INFO] [stdout] 
[INFO] [stdout] error[E0432]: unresolved imports `tikv_client::raw`, `tikv_client::Config`, `tikv_client::Error`, `tikv_client::Value`
[INFO] [stdout]  --> src/main.rs:3:19
[INFO] [stdout]   |
[INFO] [stdout] 3 | use tikv_client::{raw::Client, Config, Error, Value};
[INFO] [stdout]   |                   ^^^          ^^^^^^  ^^^^^  ^^^^^ no `Value` in the root
[INFO] [stdout]   |                   |            |       |
[INFO] [stdout]   |                   |            |       no `Error` in the root
[INFO] [stdout]   |                   |            no `Config` in the root
[INFO] [stdout]   |                   could not find `raw` in `tikv_client`
[INFO] [stdout] 
[INFO] [stdout] 
[INFO] [stdout] error[E0432]: unresolved imports `tikv_client::raw`, `tikv_client::Config`, `tikv_client::Error`, `tikv_client::Value`
[INFO] [stdout]  --> src/main.rs:3:19
[INFO] [stdout]   |
[INFO] [stdout] 3 | use tikv_client::{raw::Client, Config, Error, Value};
[INFO] [stdout]   |                   ^^^          ^^^^^^  ^^^^^  ^^^^^ no `Value` in the root
[INFO] [stdout]   |                   |            |       |
[INFO] [stdout]   |                   |            |       no `Error` in the root
[INFO] [stdout]   |                   |            no `Config` in the root
[INFO] [stdout]   |                   could not find `raw` in `tikv_client`
[INFO] [stdout] 
[INFO] [stdout] 
[INFO] [stdout] error[E0282]: type annotations needed
[INFO] [stdout]   --> src/main.rs:61:5
[INFO] [stdout]    |
[INFO] [stdout] 61 |     run_tests(PD.to_owned()).await.unwrap();
[INFO] [stdout]    |     ^^^^^^^^^^^^^^^^^^^^^^^^^^^^^^ cannot infer type
[INFO] [stdout]    |
[INFO] [stdout]    = note: type must be known at this point
[INFO] [stdout] 
[INFO] [stdout] 
[INFO] [stdout] error: aborting due to 3 previous errors
[INFO] [stdout] 
[INFO] [stdout] 
[INFO] [stdout] Some errors have detailed explanations: E0282, E0432, E0557.
[INFO] [stdout] 
[INFO] [stdout] For more information about an error, try `rustc --explain E0282`.
[INFO] [stdout] 
[INFO] [stderr] error: could not compile `tikv-bench`.
[INFO] [stderr] 
[INFO] [stderr] To learn more, run the command again with --verbose.
[INFO] [stderr] warning: build failed, waiting for other jobs to finish...
[INFO] [stdout] error[E0282]: type annotations needed
[INFO] [stdout]   --> src/main.rs:61:5
[INFO] [stdout]    |
[INFO] [stdout] 61 |     run_tests(PD.to_owned()).await.unwrap();
[INFO] [stdout]    |     ^^^^^^^^^^^^^^^^^^^^^^^^^^^^^^ cannot infer type
[INFO] [stdout]    |
[INFO] [stdout]    = note: type must be known at this point
[INFO] [stdout] 
[INFO] [stdout] 
[INFO] [stdout] error: aborting due to 3 previous errors
[INFO] [stdout] 
[INFO] [stdout] 
[INFO] [stdout] Some errors have detailed explanations: E0282, E0432, E0557.
[INFO] [stdout] 
[INFO] [stdout] For more information about an error, try `rustc --explain E0282`.
[INFO] [stdout] 
[INFO] [stderr] error: build failed
[INFO] running `Command { std: "docker" "inspect" "86d911d723bf8e0aa64ca19420a0e483f8f89989647bb07d30f2241d3363c925", kill_on_drop: false }`
[INFO] running `Command { std: "docker" "rm" "-f" "86d911d723bf8e0aa64ca19420a0e483f8f89989647bb07d30f2241d3363c925", kill_on_drop: false }`
[INFO] [stdout] 86d911d723bf8e0aa64ca19420a0e483f8f89989647bb07d30f2241d3363c925
